 and 32396164?
148
Calculate the greatest common divisor of 6948 and 16982649.
1737
Calculate the greatest common divisor of 172931 and 1092311.
2189
What is the greatest common factor of 22788 and 1359?
9
Calculate the greatest common factor of 32972417 and 1011.
337
What is the highest common divisor of 849157 and 9683?
421
Calculate the highest common divisor of 318780 and 10416.
84
Calculate the highest common factor of 9965 and 725.
5
What is the greatest common divisor of 2880 and 1170472320?
2880
Calculate the highest common factor of 157213663 and 326.
163
What is the highest common divisor of 55280 and 1264640?
80
What is the highest common factor of 35313 and 246243?
237
What is the highest common factor of 1131 and 1665267?
87
Calculate the greatest common divisor of 29958939 and 4346.
53
Calculate the highest common divisor of 3342159 and 219.
219
Calculate the highest common divisor of 485143 and 9361210.
6833
What is the greatest common divisor of 27 and 33759099?
27
Calculate the highest common factor of 50058 and 6533298.
486
What is the greatest common factor of 29864 and 5624?
8
Calculate the highest common factor of 22181 and 834227.
41
Calculate the greatest common divisor of 465966 and 864.
54
What is the greatest common divisor of 9719032 and 129?
43
What is the greatest common factor of 1349198 and 14762?
122
Calculate the greatest common factor of 117591 and 1539.
57
Calculate the greatest common divisor of 3944 and 4559944.
136
Calculate the highest common divisor of 5668 and 455744042.
2834
Calculate the greatest common divisor of 67602299 and 103.
103
Calculate the highest common divisor of 137268 and 682076.
164
What is the greatest common factor of 21 and 11640279?
21
What is the highest common factor of 14 and 8285585?
7
Calculate the greatest common factor of 7742193 and 387.
129
What is the highest common factor of 40 and 506882864?
8
What is the highest common factor of 8740 and 539315?
95
Calculate the greatest common divisor of 63 and 889833.
21
Calculate the highest common factor of 14 and 53874926.
14
Calculate the greatest common divisor of 324 and 5186997.
81
What is the greatest common factor of 18 and 14495286?
6
What is the highest common divisor of 4416 and 536544?
2208
Calculate the greatest common factor of 1122 and 905573.
17
Calculate the greatest common divisor of 700 and 71408540.
140
Calculate the greatest common factor of 68199 and 586941.
537
What is the greatest common divisor of 5996583 and 19251?
207
Calculate the highest common factor of 64832 and 65838922.
2026
What is the greatest common divisor of 1144 and 51847848?
104
Calculate the highest common divisor of 1441778 and 14950.
598
Calculate the highest common factor of 247243563 and 21.
21
What is the greatest common divisor of 111264392 and 344?
344
What is the greatest common divisor of 2560175 and 1550?
25
Calculate the highest common factor of 7819 and 4036214.
7
What is the greatest common factor of 313713335 and 155?
155
What is the highest common factor of 42 and 3894499?
7
What is the highest common factor of 14320182 and 9476332?
17614
Calculate the highest common factor of 94 and 2123507.
47
Calculate the highest common factor of 200 and 3717925.
25
Calculate the highest common divisor of 12204 and 29532324.
1356
What is the greatest common factor of 4392127 and 55701?
2063
Calculate the highest common divisor of 2073564 and 8194.
482
Calculate the highest common factor of 33 and 809974407.
33
What is the greatest common divisor of 724630 and 1713715?
1165
What is the highest common divisor of 1424 and 5971544?
712
Calculate the highest common divisor of 2312980 and 43055.
545
What is the greatest common divisor of 386 and 43598893?
193
Calculate the highest common factor of 34097261 and 49621.
3817
Calculate the greatest common factor of 8073465 and 2580.
645
Calculate the greatest common divisor of 594 and 5630218.
22
Calculate the greatest common factor of 35702556 and 36.
12
Calculate the greatest common divisor of 107853902 and 234.
26
What is the highest common divisor of 38004 and 1167?
3
Calculate the greatest common divisor of 9982177 and 174.
29
What is the greatest common divisor of 496164 and 112104?
2076
Calculate the highest common divisor of 4500 and 975060.
180
What is the greatest common factor of 30 and 280459490?
10
Calculate the greatest common factor of 20976260 and 80.
20
What is the highest common divisor of 325311 and 3633?
21
What is the highest common factor of 116874 and 2351070?
2718
Calculate the highest common factor of 418995132 and 29.
29
What is the greatest common factor of 214047 and 12393?
153
What is the greatest common factor of 16806 and 5394?
6
Calculate the highest common factor of 829418901 and 1569.
1569
Calculate the greatest common factor of 921853 and 32471240.
13759
Calculate the highest common factor of 249458 and 35332715.
4301
What is the greatest common factor of 17350 and 2594866?
694
What is the highest common divisor of 23 and 39380531?
23
What is the highest common factor of 35881 and 224296?
53
Calculate the highest common divisor of 5219 and 2208334.
17
Calculate the greatest common divisor of 357488 and 17456.
16
Calculate the highest common factor of 352957 and 473.
11
What is the greatest common factor of 171 and 33731517?
57
Calculate the greatest common divisor of 573114 and 138.
138
What is the greatest common factor of 6298 and 343664?
94
What is the greatest common factor of 4432 and 1307098736?
4432
Calculate the greatest common divisor of 216 and 210103704.
72
Calculate the highest common divisor of 430 and 2848280.
10
What is the highest common divisor of 644 and 53288746?
322
What is the highest common divisor of 258851 and 77738?
827
Calculate the greatest common factor of 742788 and 288423.
3951
What is the greatest common factor of 272511 and 16947?
9
Calculate the greatest common divisor of 9275 and 5607.
7
What is the greatest common divisor of 193259596 and 116?
116
What is the greatest common factor of 910432355 and 1165?
1165
Calculate the greatest common factor of 21965040 and 880.
80
Calculate the greatest common divisor of 1432307579 and 10438.
5219
What is the greatest common factor of 1804000 and 127875?
1375
What is the highest common divisor of 55 and 32009480?
5
What is the highest common divisor of 6109 and 822778?
149
Calculate the highest common divisor of 105896 and 14600411.
13237
What is the greatest common divisor of 135608 and 1584?
88
Calculate the greatest common factor of 566294 and 412.
206
Calculate the highest common factor of 21027378 and 348.
174
What is the greatest common divisor of 1143327 and 645?
129
What is the highest common factor of 33 and 47164513?
11
What is the highest common divisor of 122 and 19710686?
122
What is the highest common factor of 2790 and 67877910?
2790
Calculate the highest common factor of 1872 and 1994256.
144
Calculate the greatest common factor of 114 and 8575266.
6
What is the highest common factor of 4267617 and 444?
111
Calculate the greatest common factor of 5292032 and 1793296.
5168
What is the highest common factor of 42087267 and 10899?
1557
Calculate the greatest common factor of 127325067 and 438.
219
What is the greatest common divisor of 695 and 189438791?
139
What is the highest common factor of 173613778 and 13?
13
What is the greatest common factor of 6355164 and 228?
12
Calculate the highest common divisor of 10236087 and 999.
333
What is the highest common divisor of 143211330 and 120?
30
Calculate the greatest common factor of 7241179 and 31823.
2893
What is the highest common factor of 120 and 46889385?
15
What is the highest common factor of 70300 and 31455640?
380
Calculate the greatest common factor of 2655237 and 22474.
661
What is the highest common divisor of 15340 and 16361644?
3068
What is the greatest common divisor of 13564096 and 38675?
1547
What is the greatest common factor of 98150 and 4744420?
1510
Calculate the greatest common divisor of 194260 and 364760.
220
What is the greatest common divisor of 25528 and 7768?
8
Calculate the highest common factor of 665 and 1204747915.
665
What is the highest common factor of 1040424 and 572?
44
Calculate the highest 